 20. What is a(10)?
0
Let b(d) = -4*d**2 + 9*d + 25. Calculate b(-2).
-9
Let g(m) = m**3 - 4*m**2 + m - 13. Give g(4).
-9
Let j(y) = -y**3 - 8*y**2 - 6*y + 2. Give j(-7).
-5
Let d(h) = h**3 - 9*h**2 + 3*h - 19. Calculate d(9).
8
Let c(u) = -u**2 + 10*u - 13. What is c(11)?
-24
Let l(a) = -a**2 + 14*a - 68. Determine l(11).
-35
Let p(s) = -s**3 + 14*s**2 + 5*s - 63. Give p(14).
7
Let c(a) = 3*a**3 + a - 2. Determine c(1).
2
Let r(n) = -n**3 + 10*n**2 - 18*n. Determine r(8).
-16
Let i(s) = 29*s + 52. What is i(-2)?
-6
Let m(p) = p**2 - 3*p + 2. Give m(2).
0
Let y(c) = -c + 8. Determine y(3).
5
Let w(p) = -10*p - 57. Calculate w(-5).
-7
Let b(l) = 50*l + 98. Calculate b(-2).
-2
Let r(l) = -53*l - 275. What is r(-5)?
-10
Let p(j) = -j**3 + 3*j**2 - 3. What is p(-2)?
17
Let k(o) = -2*o**3 - 4*o**2 - 11*o - 18. Calculate k(-2).
4
Let w(x) = x**3 - 36*x**2 + 99*x + 5. Give w(33).
5
Let d(b) = b**3 - 3*b**2 - 15*b - 9. Determine d(-4).
-61
Let v(n) = n + 11. What is v(9)?
20
Let u(c) = c**3 - 2*c**2 - c + 4. Determine u(3).
10
Let b(j) = -3*j**3 - 19*j**2 + 11*j + 9. Give b(-7).
30
Let m(o) = o**2 + 19*o + 39. Determine m(-16).
-9
Let s(h) = -6*h - 14. Determine s(8).
-62
Let b(u) = -11*u - 112. Determine b(-10).
-2
Let m(k) = k**3 - 11*k**2 + 13*k - 13. Determine m(10).
17
Let f(k) = -7*k**2 - 39*k - 37. Give f(-1).
-5
Let u(z) = 14*z**2 + 3*z + 2. Give u(-1).
13
Let a(r) = -r**2 + 11*r - 13. Give a(11).
-13
Let v(r) = -r**3 - 3*r**2 - 2*r + 1. Determine v(-3).
7
Let y(c) = -3*c**2 - c - 2. Calculate y(4).
-54
Let y(b) = -11*b**2 + 14*b - 1. Give y(1).
2
Let v(x) = 3*x + 38. Give v(0).
38
Let s(z) = -6*z - 108. Give s(-19).
6
Let o(f) = f**3 + 2*f**2 + 2*f. Determine o(-1).
-1
Let j(v) = -v**2 - 11*v - 12. Give j(-9).
6
Let s(p) = -p**2 + 9*p - 7. Calculate s(8).
1
Let a(t) = t**2 - 13*t - 24. What is a(17)?
44
Let r(p) = p**3 - 5*p**2 - 12*p - 16. What is r(7)?
-2
Let h(r) = -11*r + 7. Give h(5).
-48
Let i(s) = -s**2 - 23*s - 8. Calculate i(-23).
-8
Let h(o) = 2*o - 30. What is h(19)?
8
Let l(g) = g**2 - 8*g + 2. Calculate l(5).
-13
Let c(x) = -x**3 - 16*x**2 + 21*x + 59. Determine c(-17).
-9
Let n(y) = 54*y - 864. Determine n(16).
0
Let n(x) = 4*x**2 + 3*x + 2. Give n(3).
47
Let b(v) = -3*v - 19. What is b(-8)?
5
Let k(j) = 6*j**3 - j**2 - 2*j - 1. Determine k(-1).
-6
Let s(p) = -p**2 + 9*p - 2. Determine s(10).
-12
Let u(p) = -2*p + 13. What is u(5)?
3
Let g(t) = t**3 + 14*t**2 - 14*t + 8. Calculate g(-15).
-7
Let x(w) = -11*w - 18. Calculate x(-2).
4
Let n(h) = 8*h - 17. What is n(6)?
31
Let o(l) = -l**3 + 37*l**2 - 101*l - 33. Determine o(34).
1
Let i(y) = -61*y**2 + 4*y + 2. Determine i(-1).
-63
Let a(x) = -2*x**2 + 11*x + 9. Give a(9).
-54
Let s(w) = w - 4. Determine s(2).
-2
Let h(d) = -d**3 - d**2 + 12*d + 2. What is h(-4)?
2
Let w(t) = t - 22. Give w(15).
-7
Let y(g) = -3*g**2 + 9*g. Give y(2).
6
Let j(n) = -n**3 - 8*n**2 - 6*n + 6. What is j(-6)?
-30
Let o(a) = -a**3 - 17*a**2 + 18*a + 6. What is o(-18)?
6
Let b(w) = w**3 - 5*w**2 + 6*w - 5. Determine b(3).
-5
Let n(k) = 2*k**2 + 5*k - 14. Calculate n(-6).
28
Let p(t) = t**2 - 11*t + 6. Calculate p(7).
-22
Let l(a) = -a - 3. What is l(3)?
-6
Let q(v) = -3*v**2 - v. Give q(2).
-14
Let p(m) = 6*m - 5. Calculate p(-4).
-29
Let l(s) = s**2 - 3. Calculate l(4).
13
Let t(c) = c**2 + 9*c - 6. Determine t(-9).
-6
Let i(a) = a**3 - 9*a**2 - 10*a + 6. Determine i(10).
6
Let t(o) = 2*o**3 - 9*o**2 - 6*o - 4. Calculate t(5).
-9
Let i(y) = 6*y**2 + 3*y - 2. What is i(1)?
7
Let v(y) = -9*y - 27. Give v(-7).
36
Let i(a) = -2*a**2 - 2. Calculate i(-2).
-10
Let v(s) = -s**2 + 9*s + 21. What is v(11)?
-1
Let j(q) = q**2 - 17*q + 14. Determine j(15).
-16
Let y(w) = 2*w**2 - 101*w + 46. Determine y(50).
-4
Let a(u) = u**3 + 12*u**2 + 24*u + 19. Determine a(-9).
46
Let h(d) = d**3 - 8*d**2 + 9*d + 20. Calculate h(6).
2
Let f(x) = -x - 8. Calculate f(-9).
1
Let g(a) = -a**3 - a**2 + 2*a - 1. Give g(-3).
11
Let x(j) = -4*j - 18. Give x(-12).
30
Let k(h) = h**2 + 8*h - 15. What is k(-10)?
5
Let c(y) = -3*y - 25. Give c(-5).
-10
Let j(a) = a**2 - 5*a + 11. Determine j(5).
11
Let d(x) = -x - 21. Determine d(-7).
-14
Let u(x) = -x**2 - 13*x + 294. What is u(-25)?
-6
Let s(w) = 29*w - 324. Give s(11).
-5
Let k(x) = -2*x + 43. What is k(6)?
31
Let v(x) = -11*x - 12. Give v(-3).
21
Let u(i) = -3*i**2 + 6*i + 21. Give u(5).
-24
Let d(n) = -n**2 - 16*n. Calculate d(-8).
64
Let z(x) = -x**3 + 2*x**2 - 3*x - 8. Calculate z(4).
-52
Let w(s) = s**3 + 5*s**2 + 3*s + 1. What is w(-3)?
10
Let b(y) = -2*y**3 + 2*y + 1. Give b(-1).
1
Let k(c) = 7*c - 1. Give k(2).
13
Let y(a) = -35*a + 11. Give y(2).
-59
Let t(u) = -u**2 + 6*u - 7. Calculate t(4).
1
Let k(p) = 3*p + 22. Calculate k(-5).
7
Let a(p) = -2*p**2 + 6*p + 27. Determine a(5).
7
Let y(u) = u**2 - 16*u + 39. What is y(3)?
0
Let l(k) = k**3 + 2*k**2 - 2*k - 1. Determine l(2).
11
Let z(s) = 2*s + 47. Give z(-10).
27
Let o(p) = 2*p**2 - 15*p - 1. Calculate o(9).
26
Let f(g) = 3*g**2 - 3*g - 16. Determine f(4).
20
Let i(p) = -3*p + 2. Calculate i(2).
-4
Let u(b) = -b**2 - 6*b + 8. Determine u(-8).
-8
Let t(o) = o**2 + 27*o - 4. Give t(-28).
24
Let i(z) = z**2 + 7*z - 22. Determine i(-8).
-14
Let g(f) = f - 4. Give g(4).
0
Let a(h) = 18*h**2 - 5*h + 2. Determine a(2).
64
Let q(m) = -2*m. Determine q(-5).
10
Let j(q) = q**2 + 2*q - 8. Give j(-6).
16
Let x(s) = -4*s + 8. Calculate x(6).
-16
Let d(x) = -x - 24. Determine d(-15).
-9
Let i(f) = 6*f**2 - 5*f + 5. Determine i(1).
6
Let g(t) = t**3 + 4*t**2 - 12*t - 7. What is g(-6)?
-7
Let t(j) = -j**2. Determine t(-3).
-9
Let d(u) = u**2 + 11*u - 20. Give d(-12).
-8
Let u(f) = -f**3 - 10*f**2 - 22*f - 16. Determine u(-7).
-9
Let r(u) = 2*u**2 + 7*u - 5. Calculate r(-6).
25
Let m(v) = v**3 - 21*v - 9. Calculate m(5).
11
Let c(a) = 7*a**2 - 4*a + 7. Calculate c(3).
58
Let j(c) = -c**2 - c - 4. Determine j(-3).
-10
Let v(z) = 4*z**2 - 2*z - 22. Determine v(-5).
88
Let o(b) = b**2 - 7*b - 2. What is o(5)?
-12
Let w(s) = 57*s + 19. What is w(0)?
19
Let r(c) = c**3 - 3*c**2 - 18*c + 5. Calculate r(6).
5
Let x(q) = -12*q + 46. Give x(2).
22
Let b(l) = -l**3 - 11*l**2 - 11*l - 16. Determine b(-10).
-6
Let v(y) = y - 1. What is v(0)?
-1
Let l(w) = w**3 + 2*w**2. Give l(-2).
0
Let p(u) = u**3 + u**2 + 4*u + 8. Calculate p(-4).
-56
Let o(z) = z**3 - 4*z**2 - 2*z - 6. Determine o(3).
-21
Let x(u) = -u + 9. Calculate x(4).
5
Let z(k) = -3*k. What is z(10)?
-30
Let v(q) = q**2 - 10*q + 12. Calculate v(-8).
156
Let h(j) = -j**2 - j - 3. Give h(0).
-3
Let t(h) = h**3 + 8*h**2 - 12*h - 34. Calculate t(-10).
-114
Let s(r) = -3*r + 146. Determine s(34).
44
Let r(i) = -12*i - 55. Calculate r(-5).
5
Let n(r) = r**3 + 3*r**2 + 4*r + 4. What is n(-4)?
-28
Let a(m) = -6*m + 4. Determine a(4).
-20
Let k(p) = -8*p**2 - 58*p - 9. Give k(-7).
5
Let q(o) = 3*o - 7. Calculate q(0).
-7
Let y(n) = -n**2 + 10. Determine y(-9).
-71
Let b(f) = 2*f - 80. Determine b(40).
0
Let g(t) = -8*t - 3. What is g(1)?
-11
Let d(a) = -5*a**2 - 2*a + 1. Calculate d(1).
-6
Let u(f) = -2*f**2 + 43*f - 187. Calculate u(5).
-22
Let t(w) = -w**3 - 2*w**2 + 2*w - 8. Calculate t(-4).
16
Let a(t) = -14*t - 90. What is a(-6)?
-6
Let x(o) = 2*o**2 - 6*o + 3. Give x(6).
39
Let f(v) = v**2 - 64*v + 52. What is f(63)?
-11
Let b(m) = m**2 - 13*m - 173. Determine b(22).
25
Let v(m) = m**3 - 15*m**2 + 24. Calculate v(15).
24
Let h(r) = r**3 + 19*r**2 + 19*r + 21. Give h(-18).
3
Let c(b) = -b**3 + 15*b**2 + 2*b - 32. Give c(15).
-2
Let z(t) = 8*t**2 + 15*t + 4. Give z(-5).
129
Let k(y) = 26*y + 157. Give k(-7).
-25
Let c(s) = 4*s - 53. Give c(14).
3
Let f(k) = -67*k**2 - 8*k + 8. What is f(1)?
-67
Let g(c) = 5*c - 17. What is g(12)?
43
Let z(q) = -q**3 + 44*q**2 - 4*q + 183. What is z(44)?
7
Let o(r) = r**2 - 33*r + 158. Determine o(27).
-4
Let v(f) = f**2 - 10*f + 8. Give v(16).
104
Let l(d) = d**3 + 7*d**2 - 9*d - 1. Determine l(-8).
7
Let t(y) = -3*y - 41. Give t(-13).
-2
Let p(k) = k**2 - 25*k + 71. Give p(21).
-13
Let s(w) = -4*w**2 - 13*w + 13. Calculate s(4).
-103
Let c(t) = -3*t + 51. What is c(21)?
-12
Let z(g) = 3*g + 5. Determine z(-5).
-10
Let b(p) = 6*p**2 - 124*p - 50. What is b(21)?
-8
Let t(m) = 5*m**2 + 10*m - 1. Calculate t(-3).
14
Let r(l) = l + 16. Calculate r(11).
27
Let k